or of 331940 and 840?
140
Calculate the highest common divisor of 130 and 7969.
13
What is the highest common divisor of 719726 and 1527?
509
Calculate the highest common factor of 7209 and 6675.
267
What is the highest common divisor of 47650 and 4450?
50
What is the highest common divisor of 5016 and 8664?
456
Calculate the greatest common factor of 17459 and 186677.
1343
Calculate the greatest common factor of 7964 and 16588.
44
Calculate the highest common divisor of 292876 and 59.
59
Calculate the greatest common factor of 63 and 21553.
7
What is the greatest common factor of 1817469 and 178?
89
Calculate the highest common divisor of 37746 and 162.
162
Calculate the highest common divisor of 5600 and 8064.
224
Calculate the greatest common factor of 6784 and 4864.
128
Calculate the greatest common divisor of 62 and 18259.
31
Calculate the highest common factor of 3756 and 11832.
12
Calculate the greatest common divisor of 275535 and 4680.
585
Calculate the greatest common divisor of 576 and 103360.
64
What is the greatest common factor of 100317 and 2499?
357
What is the highest common divisor of 783 and 16095?
87
Calculate the greatest common factor of 414414 and 572.
286
What is the highest common factor of 58216 and 19?
19
What is the greatest common factor of 26180 and 14000?
140
What is the highest common divisor of 105 and 61635?
105
Calculate the highest common divisor of 63343 and 7.
7
What is the greatest common divisor of 783 and 113076?
27
Calculate the greatest common factor of 314316 and 54.
18
What is the highest common factor of 34503 and 4823?
371
Calculate the greatest common divisor of 11418 and 4620.
66
Calculate the highest common factor of 1197160 and 80.
40
What is the greatest common divisor of 147349 and 319?
29
Calculate the highest common factor of 1002 and 34569.
501
Calculate the greatest common divisor of 428141 and 217.
217
What is the greatest common divisor of 56900 and 4100?
100
Calculate the highest common factor of 19656 and 112.
56
What is the greatest common divisor of 9577 and 1727?
157
Calculate the highest common divisor of 160 and 21256.
8
What is the greatest common divisor of 13940 and 191760?
340
Calculate the greatest common divisor of 22 and 1172.
2
Calculate the highest common factor of 38 and 75563.
19
Calculate the greatest common factor of 572 and 2340.
52
Calculate the highest common factor of 336 and 104286.
42
Calculate the greatest common divisor of 7004560 and 16.
16
Calculate the highest common divisor of 10095365 and 34.
17
Calculate the greatest common factor of 13253 and 19651.
457
What is the highest common factor of 6809 and 5555?
11
What is the highest common factor of 1315 and 12887?
263
Calculate the highest common divisor of 2550 and 201675.
75
Calculate the greatest common factor of 65 and 69784.
13
What is the highest common divisor of 558290 and 5?
5
What is the greatest common factor of 32 and 35912?
8
What is the highest common factor of 252580 and 4325?
865
Calculate the greatest common factor of 14 and 1939588.
14
What is the highest common factor of 792 and 414?
18
Calculate the highest common divisor of 142 and 143278.
142
Calculate the greatest common divisor of 71685 and 105.
15
What is the greatest common factor of 96075 and 1365?
105
Calculate the greatest common factor of 8100 and 81.
81
Calculate the greatest common factor of 862 and 16.
2
What is the greatest common factor of 232637 and 177?
59
What is the greatest common factor of 13608 and 56?
56
Calculate the highest common divisor of 8952 and 376.
8
Calculate the greatest common factor of 10874 and 4.
2
What is the highest common factor of 22137 and 6486?
141
What is the greatest common divisor of 1245008 and 16?
16
What is the highest common divisor of 25116 and 924?
84
Calculate the highest common divisor of 17239226 and 142.
142
Calculate the highest common divisor of 90 and 4302.
18
What is the highest common divisor of 65841 and 51?
51
What is the highest common divisor of 14 and 23758?
14
Calculate the highest common divisor of 15 and 1186305.
15
What is the greatest common divisor of 4025 and 19780?
115
What is the greatest common factor of 22425 and 15249?
897
What is the highest common factor of 66624 and 768?
192
What is the greatest common factor of 5291 and 39?
13
Calculate the highest common factor of 365684 and 704.
44
Calculate the highest common factor of 24399 and 81.
9
Calculate the greatest common factor of 962 and 208.
26
What is the highest common factor of 21 and 7941?
3
What is the greatest common divisor of 3611 and 21298?
23
Calculate the highest common factor of 1673 and 233264.
239
What is the highest common factor of 61213 and 123?
41
Calculate the greatest common divisor of 8398 and 551.
19
Calculate the greatest common divisor of 83463 and 3612.
129
What is the highest common divisor of 157542 and 22134?
1302
What is the highest common factor of 75 and 590?
5
What is the highest common factor of 570 and 29982?
114
What is the highest common divisor of 1284779 and 3587?
211
Calculate the greatest common divisor of 5516228 and 102.
34
Calculate the greatest common factor of 115650 and 6300.
450
What is the greatest common factor of 338 and 25610?
26
What is the highest common factor of 6419 and 262?
131
What is the highest common divisor of 525 and 204960?
105
Calculate the greatest common divisor of 10550 and 1580.
10
Calculate the greatest common divisor of 473 and 4101856.
473
What is the highest common divisor of 1166845 and 1635?
545
What is the greatest common divisor of 1402522 and 4070?
814
What is the highest common factor of 2455541 and 1705?
341
What is the highest common factor of 162875 and 125?
125
What is the highest common divisor of 2786 and 32238?
398
Calculate the highest common factor of 2394 and 510804.
126
Calculate the greatest common divisor of 36 and 7313136.
12
What is the highest common factor of 330575 and 1575?
175
What is the greatest common divisor of 302 and 963682?
302
Calculate the greatest common divisor of 34589 and 1.
1
Calculate the highest common divisor of 23846 and 202.
2
What is the highest common divisor of 32079 and 6660?
111
Calculate the greatest common divisor of 1507949 and 23.
23
Calculate the greatest common divisor of 50 and 11070.
10
What is the greatest common factor of 90 and 458?
2
What is the greatest common divisor of 114492 and 282?
282
Calculate the greatest common factor of 1691244 and 109.
109
What is the highest common divisor of 71 and 7675597?
71
Calculate the highest common factor of 118842 and 6090.
174
Calculate the highest common factor of 216 and 601533.
27
What is the greatest common factor of 112 and 1929844?
28
Calculate the greatest common divisor of 767495 and 5.
5
Calculate the greatest common factor of 42085 and 4085.
95
Calculate the greatest common factor of 27735 and 129.
129
What is the highest common factor of 2620 and 17880?
20
Calculate the greatest common divisor of 936 and 27768.
312
Calculate the highest common factor of 3939 and 663.
39
What is the highest common divisor of 69851 and 3933?
23
Calculate the highest common divisor of 68 and 2955552.
68
Calculate the highest common factor of 108 and 14562.
18
What is the highest common divisor of 116 and 13021?
29
Calculate the highest common factor of 33294316 and 44.
44
What is the greatest common factor of 117 and 3955731?
39
Calculate the greatest common factor of 988 and 21052.
76
Calculate the highest common divisor of 96 and 439536.
48
What is the highest common divisor of 74 and 514559?
37
What is the greatest common factor of 13667 and 632?
79
What is the highest common divisor of 8268 and 111?
3
What is the greatest common divisor of 55566 and 15246?
126
Calculate the greatest common divisor of 15678 and 312354.
1206
Calculate the highest common divisor of 906015 and 1105.
85
What is the highest common divisor of 363 and 95953?
121
Calculate the greatest common divisor of 54 and 37458.
18
What is the greatest common divisor of 846 and 328624?
94
Calculate the highest common divisor of 6237 and 273.
21
What is the highest common factor of 125 and 1795?
5
Calculate the greatest common factor of 3640 and 246792.
728
Calculate the gr